{"id":930,"date":"2022-01-24T10:40:47","date_gmt":"2022-01-24T09:40:47","guid":{"rendered":"https:\/\/schreinerei-stegmann.de\/neuaufbauumgestaltung\/?page_id=930"},"modified":"2022-01-31T05:46:06","modified_gmt":"2022-01-31T04:46:06","slug":"entsorgung-altholz","status":"publish","type":"page","link":"https:\/\/schreinerei-stegmann.de\/homepage\/entsorgung-altholz\/","title":{"rendered":"Entsorgung (Altholz)"},"content":{"rendered":"<p>[vc_row][vc_column width=&#8220;1\/2&#8243;][vc_custom_heading text=&#8220;Kontaktformular&#8220; font_container=&#8220;tag:h2|font_size:30|text_align:left|color:%23333333&#8243; use_theme_fonts=&#8220;yes&#8220; css=&#8220;.vc_custom_1643015103831{margin-bottom: 30px !important;}&#8220; el_class=&#8220;style2&#8243;][vc_column_text el_class=&#8220;grey&#8220;]Ihr Altholz k\u00f6nnen Sie kostenfrei bei uns entsorgen, dabei spielt es keine Rolle um welche Art von Holz bzw. Beschaffenheit es sich handelt.<\/p>\r\n<ul>\r\n<li style=\"list-style-type: none;\">\r\n<ul>\r\n<li>Spannplatte<\/li>\r\n<li>Massivholz<\/li>\r\n<li>Lackiert<\/li>\r\n<li>Gebeizt<\/li>\r\n<li>Lasiert<\/li>\r\n<\/ul>\r\n<\/li>\r\n<\/ul>\r\n<p>Die einzige Voraussetzung f\u00fcr die Abgabe bei uns ist, dass das Holz frei von Metallen wie Verbindern, Schrauben oder Beschl\u00e4gen ist. Wenn Sie Holz zu entsorgen haben, rufen Sie uns kurz an oder kontaktieren Sie uns per Kontaktformular oder E-Mail. Anschlie\u00dfend k\u00f6nnen Sie Ihr Altholz bei uns vorbeibringen und abladen.[\/vc_column_text][\/vc_column][vc_column width=&#8220;1\/2&#8243;][vc_single_image image=&#8220;1174&#8243; img_size=&#8220;full&#8220;][\/vc_column][\/vc_row][vc_row full_width=&#8220;stretch_row&#8220; content_placement=&#8220;middle&#8220; css=&#8220;.vc_custom_1460539914125{margin-bottom: 0px !important;padding-top: 60px !important;padding-bottom: 60px !important;background-color: rgba(198,148,83,0.11) !important;*background-color: rgb(198,148,83) !important;}&#8220; el_class=&#8220;tm_bottom&#8220;][vc_column width=&#8220;3\/4&#8243; css=&#8220;.vc_custom_1460539880591{padding-top: 0px !important;padding-bottom: 0px !important;}&#8220;][vc_row_inner][vc_column_inner width=&#8220;1\/3&#8243;][vc_icon icon_fontawesome=&#8220;fa fa-phone&#8220; color=&#8220;white&#8220; background_style=&#8220;boxed&#8220; background_color=&#8220;custom&#8220; size=&#8220;lg&#8220; align=&#8220;center&#8220; custom_background_color=&#8220;#c69453&#8243;][vc_custom_heading text=&#8220;Telefon&#8220; font_container=&#8220;tag:h4|font_size:14|text_align:left|color:%23594431&#8243; use_theme_fonts=&#8220;yes&#8220; css=&#8220;.vc_custom_1643015834629{margin-bottom: 4px !important;padding-top: 12px !important;}&#8220;][vc_custom_heading text=&#8220;09131 \/ 65165&#8243; font_container=&#8220;tag:h4|font_size:15|text_align:left|color:%23333333&#8243; use_theme_fonts=&#8220;yes&#8220;][\/vc_column_inner][vc_column_inner width=&#8220;1\/3&#8243;][vc_icon icon_fontawesome=&#8220;fa fa-home&#8220; color=&#8220;white&#8220; background_style=&#8220;boxed&#8220; background_color=&#8220;custom&#8220; size=&#8220;lg&#8220; align=&#8220;center&#8220; custom_background_color=&#8220;#c69453&#8243;][vc_custom_heading text=&#8220;Adresse&#8220; font_container=&#8220;tag:h4|font_size:14|text_align:left|color:%23594431&#8243; use_theme_fonts=&#8220;yes&#8220; css=&#8220;.vc_custom_1643015842633{margin-bottom: 4px !important;padding-top: 12px !important;}&#8220;][vc_custom_heading text=&#8220;Karl-Br\u00f6ger-Stra\u00dfe 5<br \/>91058 Erlangen&#8220; font_container=&#8220;tag:h4|font_size:15|text_align:left|color:%23333333|line_height:1.2&#8243; use_theme_fonts=&#8220;yes&#8220;][\/vc_column_inner][vc_column_inner width=&#8220;1\/3&#8243;][vc_icon icon_fontawesome=&#8220;fa fa-envelope&#8220; color=&#8220;white&#8220; background_style=&#8220;boxed&#8220; background_color=&#8220;custom&#8220; size=&#8220;lg&#8220; align=&#8220;center&#8220; custom_background_color=&#8220;#c69453&#8243;][vc_custom_heading text=&#8220;E-Mail&#8220; font_container=&#8220;tag:h4|font_size:14|text_align:left|color:%23594431&#8243; use_theme_fonts=&#8220;yes&#8220; css=&#8220;.vc_custom_1643015856289{margin-bottom: 4px !important;padding-top: 12px !important;}&#8220;][vc_custom_heading text=&#8220;info@schreinerei-stegmann.de&#8220; font_container=&#8220;tag:h4|font_size:15|text_align:left|color:%23333333&#8243; use_theme_fonts=&#8220;yes&#8220;][\/vc_column_inner][\/vc_row_inner][\/vc_column][\/vc_row][vc_row disable_element=&#8220;yes&#8220;][vc_column][vc_column_text]<\/p>\r\n<p>Dies ist eine Beispiel-Seite. Sie unterscheidet sich von Beitr\u00e4gen, da sie stets an derselben Stelle bleibt und (bei den meisten Themes) in der Website-Navigation angezeigt wird. Die meisten starten mit einem Impressum, der Datenschutzerkl\u00e4rung oder einer \u201e\u00dcber\u00a0uns\u201c-Seite, um sich potenziellen Besuchern der Website vorzustellen. Dort k\u00f6nnte zum Beispiel stehen:<\/p>\r\n<p>\u00a0<\/p>\r\n\r\n<blockquote class=\"wp-block-quote is-layout-flow wp-block-quote-is-layout-flow\">\r\n<p>Hallo! Tags\u00fcber arbeite ich als Fahrradkurier, nachts bin ich ein aufstrebender Schauspieler und dies hier ist meine Website. Ich lebe in Berlin, habe einen gro\u00dfen Hund namens Jack, mag Pi\u00f1a Coladas, jedoch weniger (ohne Schirm) im Regen stehen gelassen zu werden.<\/p>\r\n<\/blockquote>\r\n\r\n<p>&#8230;oder so etwas wie das hier:<\/p>\r\n<p>\u00a0<\/p>\r\n\r\n<blockquote class=\"wp-block-quote is-layout-flow wp-block-quote-is-layout-flow\">\r\n<p>Das Unternehmen XYZ wurde 1971 gegr\u00fcndet und versorgt die \u00d6ffentlichkeit seither mit qualitativ hochwertigen Produkten. An seinem Standort in einer kleinen Gro\u00dfstadt besch\u00e4ftigt der Betrieb \u00fcber 2.000 Menschen und unterst\u00fctzt die Stadtbewohner in vielfacher Hinsicht.<\/p>\r\n<\/blockquote>\r\n\r\n<p>Als neuer WordPress-Benutzer solltest du <a href=\"https:\/\/schreinerei-stegmann.de\/homepage\/wp-admin\/\">dein Dashboard<\/a> aufrufen, um diese Seite zu l\u00f6schen und neue Seiten und Beitr\u00e4ge f\u00fcr deine Website erstellen. Viel Spa\u00df!<\/p>\r\n<p>[\/vc_column_text][\/vc_column][\/vc_row]<\/p>","protected":false},"excerpt":{"rendered":"<p>[vc_row][vc_column width=&#8220;1\/2&#8243;][vc_custom_heading text=&#8220;Kontaktformular&#8220; font_container=&#8220;tag:h2|font_size:30|text_align:left|color:%23333333&#8243; use_theme_fonts=&#8220;yes&#8220; css=&#8220;.vc_custom_1643015103831{margin-bottom: 30px !important;}&#8220; el_class=&#8220;style2&#8243;][vc_column_text el_class=&#8220;grey&#8220;]Ihr Altholz k\u00f6nnen Sie kostenfrei bei uns entsorgen, dabei spielt es [&hellip;]<\/p>\n","protected":false},"author":1,"featured_media":0,"parent":0,"menu_order":0,"comment_status":"closed","ping_status":"closed","template":"","meta":{"footnotes":""},"class_list":["post-930","page","type-page","status-publish","hentry"],"_links":{"self":[{"href":"https:\/\/schreinerei-stegmann.de\/homepage\/wp-json\/wp\/v2\/pages\/930","targetHints":{"allow":["GET"]}}],"collection":[{"href":"https:\/\/schreinerei-stegmann.de\/homepage\/wp-json\/wp\/v2\/pages"}],"about":[{"href":"https:\/\/schreinerei-stegmann.de\/homepage\/wp-json\/wp\/v2\/types\/page"}],"author":[{"embeddable":true,"href":"https:\/\/schreinerei-stegmann.de\/homepage\/wp-json\/wp\/v2\/users\/1"}],"replies":[{"embeddable":true,"href":"https:\/\/schreinerei-stegmann.de\/homepage\/wp-json\/wp\/v2\/comments?post=930"}],"version-history":[{"count":37,"href":"https:\/\/schreinerei-stegmann.de\/homepage\/wp-json\/wp\/v2\/pages\/930\/revisions"}],"predecessor-version":[{"id":1262,"href":"https:\/\/schreinerei-stegmann.de\/homepage\/wp-json\/wp\/v2\/pages\/930\/revisions\/1262"}],"wp:attachment":[{"href":"https:\/\/schreinerei-stegmann.de\/homepage\/wp-json\/wp\/v2\/media?parent=930"}],"curies":[{"name":"wp","href":"https:\/\/api.w.org\/{rel}","templated":true}]}}